6). Suppose -2*j = 3*j - t. Suppose -4*x = -q + 65, 0 = 2*q - 3*x - 176 + j. Is q a composite number?
False
Suppose 6*t - 3*t = 0. Suppose 5*w + 4*w - 2232 = t. Is (-1 + w)/(2/2) a prime number?
False
Let z = 40 - 40. Let n(y) = 2*y**2 + 119. Is n(z) composite?
True
Let f(d) = -122*d**3 + 6*d + 245*d**3 - 122*d**3 - 2 + 2*d**2. Suppose 0 = 3*t - 24 + 9. Is f(t) a composite number?
True
Let g(x) = x - 3. Let a be g(8). Suppose 3*m - 5*m + 259 = 3*n, -2*m + 437 = a*n. Is n a prime number?
True
Let j be 7685/25 + 2/(-5). Let z = 48 + j. Suppose -17*m = -16*m - z. Is m prime?
False
Suppose 5*u = -15, 2*u - 641 = -k - u. Suppose 0 = 6*a + 4*a - k. Is a prime?
False
Let i = 3869 + -2308. Is i composite?
True
Is (((-4)/(-6))/(-2))/(53/(-800247)) prime?
False
Suppose 4283 + 7587 = 5*d + 5*k, -3*k = -2*d + 4733. Is d a composite number?
False
Let i be 9 + -7 + (1 - 0). Let s(o) = o**3 - 3*o**2 + 2*o - 3. Let p be s(i). Is 414/24*8/p composite?
True
Suppose -2*f + 5*f = 4*g - 18, -3*g - 5*f = 1. Suppose -k + 177 + 32 = 2*o, 0 = -k + g*o + 189. Let b = 452 - k. Is b composite?
False
Suppose 3*j + 18 = 3*n, -4*j + 15 = 4*n + j. Suppose -6*h + 913 = -n*h. Suppose -h - 1219 = -4*z. Is z prime?
False
Let h(b) = -b**3 + 17*b**2 - 17*b + 8. Let u be h(16). Let m(r) = -18*r - 10. Let g be m(u). Let w = -79 + g. Is w a composite number?
True
Suppose 4*i - 5*i = 3*l + 7, 13 = -i - 5*l. Is i*2*(-271)/(-4) composite?
False
Let t be ((-2)/6)/((-9)/81). Suppose 2*g - m = -10, -t*m - 23 = 5*g + 2. Is (2 + 176)*g/(-10) prime?
True
Let r be 14 + (-5 - (-3 - -2)). Let q = 167 - r. Is q prime?
True
Suppose 2 = -5*i + 7. Let f be i*-4*(-424)/32. Suppose 5*j - 160 - 105 = 3*p, -j + 3*p = -f. Is j prime?
True
Suppose 0 = -5*r - 25, -2*r = -4*p - 3*r + 22071. Is p composite?
False
Suppose -4*l = -5*l + 5. Suppose 199 + 1391 = 5*g - 5*m, 5*g - 1580 = -l*m. Is g prime?
True
Suppose y + 184204 = 3*a, a + 2*y - 184219 = -2*a. Is a prime?
True
Let b(f) = 24*f**2 + f + 1. Let w(r) = -r**3 - r + 15. Let y be w(0). Let p = y + -17. Is b(p) a composite number?
True
Let x(f) = f**3 - 5*f**2 + 4*f. Let w be x(7). Suppose -4*z + 0*z = 3*c + 1, z = 4*c + 14. Suppose -5*b + z*b + w = 3*s, 5 = s. Is b prime?
True
Suppose 0*o = -2*o - 256. Let d be 0*(-4 + (-4 - -9)) - -3. Let z = d - o. Is z a prime number?
True
Let d(s) = 5*s + 2*s**2 + 7*s - 3*s + 9 + 4*s**2. Is d(-10) a prime number?
False
Let o(u) = u + 4. Let m be o(-8). Let p(v) = -2 - 251*v**3 + 3*v**2 - 1 - 4*v + 241*v**3. Is p(m) composite?
False
Suppose -96 + 0 = -4*j. Suppose 2*h + 2*h = -p + j, h + 15 = 5*p. Suppose 977 = 2*v + 5*t, -3*v - h*t + 885 + 573 = 0. Is v composite?
True
Let a be ((-2)/3)/(11/((-30195)/10)). Let b(u) = u + 6. Let v be b(-4). Suppose -2*j - s = -a, 0*j + v*j - 4*s = 158. Is j a composite number?
False
Let l(k) = 59*k**2 - 2*k - 132. Is l(-15) a prime number?
False
Let d(c) = 3*c**3 + 2*c - 1. Let w be d(1). Suppose x - w = -2. Let v(z) = 12*z - 1. Is v(x) prime?
True
Let d(p) = -1265*p + 48. Is d(-7) a prime number?
False
Suppose -8235 = 27*n - 607068. Is n a composite number?
True
Let n be (-8)/(-52) + (-14712)/(-26). Suppose -2*q + n + 540 = 0. Is q a prime number?
False
Suppose n + 4*m - 26 = -2*n, 0 = m - 5. Suppose -y = -4*f - 516, -1 - 3 = -n*f. Suppose -5*s + s + y = 0. Is s a composite number?
False
Let w(r) = 83*r**2 + r + 5. Suppose -31*i + 32*i - 4 = 0. Is w(i) a prime number?
False
Let x = -56 - -223. Suppose -3*k - 3*a + 2*a + x = 0, a = 2. Is k a prime number?
False
Let o = -1248 + 720. Let u = o + 997. Is u a composite number?
True
Suppose -10*g + 175682 = -74768. Is g prime?
False
Let h(b) = -b**3 + 3*b**2 + b - 1. Let m be h(2). Let p = m - 9. Is (2/p)/((-4)/1528) a prime number?
True
Suppose 0 = 5*z + 10, -2*z = -5*o - 6*z + 22827. Is o a prime number?
True
Let g(f) = 14*f**2 + 13*f + 5. Let n be g(10). Suppose 2*b = -b + 15. Suppose -10*k + b*k + n = 0. Is k a composite number?
False
Let u(k) = -2*k**3 - 3*k**2 - k + 1. Let z be u(-2). Suppose 2*l = z*l - 5. Is l/(-5)*(-4665)/3 a prime number?
True
Let w(z) = 56*z - 1 + 3 + 61*z. Let m = -252 - -253. Is w(m) prime?
False
Suppose 2*m + 6 = 3*x, -m + 2*x + 19 = 6*x. Let v(b) = 2*b**2 - 3*b + 2. Let s be v(m). Suppose 2*i - 9 = -a, 2*a - s = -0*a + 3*i. Is a a prime number?
True
Let w(t) = -359*t + 7. Let x be w(-5). Suppose 0 = -5*m + 5*b - 8970 + 2715, 5*b = 2*m + 2511. Let r = x + m. Is r prime?
False
Is (4 + -109554)/(-5) + 9 a prime number?
False
Let p(v) = -19*v**3 - v**2 - 2*v - 1. Is p(-3) composite?
False
Is (-11)/66*3*-17558 prime?
True
Let q(n) = -13*n - 83. Let a be q(-16). Let m(v) = 7*v**2 + 5*v - 4. Let o be m(-5). Suppose -f + a = -o. Is f a prime number?
True
Suppose -4*z + 19786 = -14866. Is z composite?
False
Let j = -1 - -3. Suppose -2*i = -4 + j. Is (-158)/(-8)*(i + 3) prime?
True
Let d = 8 + 2. Is (-1226)/(-4) + 5/d a prime number?
True
Let n(x) = 99*x + 8. Let u(o) = 397*o + 32. Let d(g) = -9*n(g) + 2*u(g). Let q be d(4). Let p = -253 - q. Is p prime?
False
Let u(y) = -10*y**3 - 11*y**2 - 9*y - 13. Let b(i) = 5*i**3 + 6*i**2 + 5*i + 7. Let s(f) = 11*b(f) + 6*u(f). Let o be -2*1*1 - 0. Is s(o) a composite number?
False
Suppose 2*k - 3*v - 5474 = 0, 4*k + v - 10976 = -0*v. Is k composite?
True
Suppose b = -4*n + 5342, 3*b = 5*n + 12573 + 3368. Suppose 0 = s + 5*s - b. Is s a prime number?
True
Let p(l) be the second derivative of -l**5/20 - 7*l**4/12 - l**3 + 3*l**2/2 + l. Let h be p(-6). Suppose 4*r = -4*i + 96, -105 = h*i - 8*i - 2*r. Is i prime?
True
Let l(c) be the third derivative of -1/4*c**4 + 1/120*c**6 - 2*c**2 + 0 + 1/12*c**5 + c**3 + 0*c. Is l(-6) a prime number?
False
Suppose 0 = -b, -h = -2*h + 3*b + 7. Let p(z) = 32*z + 27. Let a(x) = -16*x - 13. Let u(t) = -9*a(t) - 4*p(t). Is u(h) a prime number?
False
Let a be 1 - -1912 - 30/10. Suppose -d = 4*d - 5*f - a, -f + 372 = d. Is d composite?
True
Let w(t) be the first derivative of 5*t**4/2 + 11*t**3/3 - 5*t**2/2 + 3*t - 7. Is w(4) a composite number?
True
Let t be 3 - (2 + 1) - (11 - -1). Is (0 - (-2 - -803))*4/t prime?
False
Let b = -227 + 768. Is b composite?
False
Let h be 0 + (0 - 2) - -2. Suppose 0 = -3*w - 4*p + 791, h*p + 494 = 2*w - 4*p. Is w composite?
False
Let c(n) = n**3 - 4*n**2 + 2*n - 8. Let d be c(4). Suppose -m + 3*k = -413 - 3707, d = -5*k - 15. Is m a composite number?
False
Let p = -13974 - -24836. Is p a prime number?
False
Suppose 24*k - 111 = 21*k. Suppose a - 82 - k = 0. Is a composite?
True
Let r = -5 - -16. Let d = 13 - r. Suppose d*n = -n + 93. Is n composite?
False
Is (12/(-120)*14)/(1/(-55805)) composite?
True
Suppose 5*l = d - 7628, 0 = 2*d + 2*l + 358 - 15626. Is d composite?
True
Let y(x) = -12753*x + 1163. Is y(-6) composite?
False
Let a be (2 - (3 + -2))*-23. Let o(m) = m**3 + 8*m**2 + 5*m - 8. Let y be o(-5). Let f = y + a. Is f a prime number?
True
Let d(j) = -j**3 + 5*j**2 + 7*j - 1. Let o be d(6). Suppose m + 5 = 0, -w + 2*m = o*m - 772. Is w composite?
False
Suppose 3*z + 16920 = -0*z. Let l = -3691 - z. Is l composite?
False
Let m(h) = h**2 + h - 7. Let j be m(11). Let c = j + 435. Suppose -4*i = -2*i + b - 235, -5*i + 3*b = -c. Is i prime?
False
Suppose -3*c = -2*b + 18009, -4*b + b - 5*c + 26966 = 0. Is b a prime number?
False
Let v be 327/(1212/(-400) - -3). Is (-6)/14 - (v/35 - -4) a prime number?
True
Let f = 5 - -10. Suppose -10*u = -f*u + 1880. Suppose u = 6*i - 2*i. Is i composite?
True
Is ((-204837)/5)/(140/(-25) - -5) a composite number?
False
Let w(d) = d**2 + 6*d - 462. Let p(m) = m**2 + 7*m - 463. Let x(v) = 4*p(v) - 5*w(v). Is x(0) composite?
True
Suppose 0*y + 3*d = 3*y - 9, -2 = -y + 2*d. Let n(i) be the third derivative of 3*i**4/4 + 11*i**3/6 - 10*i**2. Is n(y) prime?
True
Suppose -7*b + 50044 + 108611 = 0. Suppose 0*z - 5*z = -b. Is z prime?
False
Let x = -2 - 18. Let l be ((-18)/(-5))/(4/x). Let a = 49 - l. Is a a composite number?
False
Let d be (-574)/(-56) + (-1)/4. Let m be 8/(-6)*(-15)/d. Suppose -m*o = -91 - 87. Is o a prime number?
True
Suppose 0 = -y + 5*y - 28. Suppose 11710 = 3*d + y*d. Is d composite?
False
Let s(a) = -149*a - 70. Let f be s(17). Let k = 1040 - f. Is k composite?
False
Let m(l) = 45*l - 1. Let a be m(2). Is a - (4 - (4 - 2)) composite?
True
Let z(c) = -6*c**3 + 7*